= -4*o - 510. What is the highest common divisor of u and o?
34
Let g(t) = t**3 - 20*t**2 + 22*t - 19. Let r(v) = -2*v + 5. Let u be r(-7). Let c be g(u). Calculate the greatest common factor of c and 114.
38
Suppose 1 = -t + 5*d, -3*t = -t - 4*d - 4. Suppose -2*u - 5*z + 7 = 30, -t*u = -z + 13. Let b = 9 + u. Calculate the greatest common divisor of 15 and b.
5
Let u = 33 + -41. Let t = u - -40. What is the greatest common divisor of 16 and t?
16
Suppose -34*d + 192 + 148 = 0. What is the highest common factor of 1210 and d?
10
Let v(i) = -17*i + 1. Let q be v(-1). Let a be (-4)/46 + 8 + (-34976)/(-184). What is the greatest common divisor of a and q?
18
Let d = -38 - -42. Suppose 0 = d*j + 4*m - 500, 363 = 4*j - m - 112. Calculate the highest common factor of j and 48.
24
Let d be 3/(9/4 - 2). Let w be (-96)/(-40)*(-74 - 1)/(-3). Calculate the highest common factor of d and w.
12
Let h = -7 + 7. Suppose 0*i + 3*u - 73 = -4*i, 3*i = -5*u + 52. Suppose h*a + a = i. What is the highest common factor of a and 57?
19
Suppose -3*a - 6 = 5*m, 3*a = 4*m + 2*a - 2. Let w be 4/(24/90 + 3/(-5)). Let z be (m - -14) + (-12)/w. Calculate the greatest common divisor of 15 and z.
15
Suppose 0 = j - c - 510, 7*c - 2*c - 10 = 0. What is the highest common divisor of j and 32?
32
Suppose -4*l + 17 = -23. Suppose 12*h - 74 = l*h. What is the greatest common divisor of h and 148?
37
Let g be -3 - (1343/(-153) - 4/18). Calculate the highest common factor of 582 and g.
6
Suppose j - 3*n = -1, 4*j - 6*j + 9 = 5*n. Calculate the greatest common factor of 43 and j.
1
Let c be 306/12*8/12. What is the highest common divisor of 17 and c?
17
Let u be 7 - (0/(-3))/(-4). Suppose -u*r - 12 = -10*r. Suppose c - 5*x - 95 = 0, 5*c = r*x - 6*x + 502. What is the greatest common divisor of 40 and c?
20
Let v(s) = 7*s - 104. Let r be v(18). What is the greatest common factor of r and 462?
22
Let b be ((-105)/2 + 0)*168/(-105). Calculate the highest common divisor of 28 and b.
28
Let l(c) = -c**2 - 20*c - 51. Let a be l(-8). What is the greatest common factor of a and 81?
9
Suppose 4*y + 6 = -2*k, 5*y = -23 + 3. Let x = -1 + k. Let u be (-6)/x*(-52)/3. What is the greatest common divisor of u and 182?
26
Let v be 2/(-6) + 1957/57. Let s = -16 + v. Calculate the highest common factor of s and 162.
18
Let m = 13 - 10. Suppose m*y + 3 = -0*y. Let l = y + 16. Calculate the greatest common factor of 165 and l.
15
Suppose -18*g + 22*g = -164. Let d = 51 + g. Calculate the highest common factor of 25 and d.
5
Let x(o) = -269*o - 2. Let i be x(-4). Let u = i + -675. Suppose -3*g - 82 - 235 = -4*r, 0 = 5*r - g - u. What is the greatest common factor of 20 and r?
20
Let b(t) = -t**3 + 9*t**2 + t + 12. Let r be b(8). What is the highest common factor of 6 and r?
6
Let z(g) = -g**3 + 8*g**2. Let a be z(-6). Suppose 14*m - 12*m = a. What is the highest common divisor of m and 28?
28
Let c = 34 - 41. Let z = c + 23. Calculate the greatest common factor of z and 24.
8
Let f = 63 + -96. Let r be (-28)/(-56)*(93 + -1). Let t = r + f. What is the highest common divisor of t and 39?
13
Let l = 161 + 109. Calculate the highest common factor of l and 36.
18
Let h = 163 - 64. Let l be (-436)/(-18) + (-22)/h. Let w = 99 - 27. Calculate the greatest common divisor of w and l.
24
Let f(t) be the first derivative of -t**3/3 + 11*t**2/2 - 2*t - 3. Let h be f(5). Suppose 204 = s - h. What is the greatest common divisor of 29 and s?
29
Let m be 0*2/4 + 68. Suppose 0 = -1406*s + 1390*s + 816. What is the highest common factor of m and s?
17
Let x be 11/22 + 25/2. Suppose x = -6*o + 19. Calculate the highest common divisor of o and 9.
1
Let g be (-15)/(-6)*6/5. Suppose -3*n - g*v + 7*v + 172 = 0, -200 = -4*n - 2*v. What is the greatest common divisor of n and 104?
52
Suppose -2*k + 35*y = 39*y - 390, -4*y = -4*k + 720. Calculate the greatest common divisor of 259 and k.
37
Let i = 532 - 516. Let h(m) = -m**3 - 5*m**2 - 5*m - 2. Let t be h(-6). What is the greatest common divisor of t and i?
16
Let j be 19 - (15/(-5) + -2). Calculate the greatest common divisor of j and 96.
24
Let p be 3/5 + (-3)/((-30)/14). Suppose 0 = -2*m + 2, 3*m + p + 27 = 4*b. What is the highest common divisor of 2 and b?
2
Suppose 5*q = 1035 + 50. What is the greatest common divisor of 93 and q?
31
Suppose -2*k + 0 = -6. Suppose g + 3*a + 2 = 3, 47 = 3*g - 2*a. Let b = -4 + g. What is the greatest common factor of k and b?
3
Let j = -10 - -26. Let i(l) = -178*l - 3736. Let q be i(-21). Calculate the greatest common factor of j and q.
2
Let w = -74 - -87. Calculate the greatest common factor of w and 13.
13
Let a = -17 - -24. Let f be 19/a + (-12)/(-42). Suppose -13 + 112 = f*w + x, -5*x = -15. Calculate the highest common divisor of 4 and w.
4
Suppose -2*m + 7*m + v - 405 = 0, 4*v = 20. Suppose 10*o + m = 11*o. Calculate the greatest common divisor of 30 and o.
10
Suppose 0 = -66*k + 52*k + 896. What is the greatest common factor of 64 and k?
64
Suppose 4*k + 3*m - 60 = m, -k + 2*m + 15 = 0. Let y = 564 + -549. Calculate the highest common divisor of k and y.
15
Let x be (-1191)/(-9) - 1/3. Let l(v) = v**2 - 43*v - 261. Let d be l(49). What is the highest common factor of x and d?
33
Let y be 3/(-6) - (18/4 - 0). Let f = y - -11. Calculate the greatest common factor of f and 6.
6
Let y = -42 - -34. Let q be 3/30*y*(-95)/2. What is the greatest common divisor of q and 19?
19
Let w(j) = j**2 + 14*j + 31. Let z be w(-13). Suppose 0 = -2*u + 26 + 2. Let m = z + u. Calculate the greatest common factor of m and 32.
32
Let o(l) = l + 1. Let m(d) = -6*d - 11. Let p(x) = -m(x) - 5*o(x). Let n be p(6). Calculate the greatest common divisor of 48 and n.
12
Let m = 17 + -20. Let o be m*2*20/(-24). Suppose -2*g - 76 + 17 = -5*v, -o*g + 54 = 3*v. What is the highest common divisor of 13 and v?
13
Let s(o) = -3*o**2 - 6 + 2*o**2 - 6*o + 4. Let w be s(-3). Suppose 5*h + 214 = 4*j, -j + 4*h - 4 = -52. What is the highest common factor of j and w?
7
Let k = -324 - -649. Calculate the greatest common divisor of 25 and k.
25
Let j = 51 - 35. Let m be (-7 + j)/((-2)/(-18)). What is the greatest common factor of m and 54?
27
Suppose -21 = 10*j + 979. Let a be (-1)/(2/6*3) - j. Calculate the greatest common divisor of 11 and a.
11
Suppose 2*q - 23 = -y + 6, -146 = -4*y + 2*q. Calculate the greatest common divisor of 280 and y.
35
Suppose -5*w - 336 + 111 = 0. Let c = 85 + w. Calculate the highest common factor of c and 10.
10
Suppose 0 = 2*t - 0*t + 8. Let u be 1/t + 1/4. Suppose u = 2*l - 85 - 35. What is the greatest common divisor of 24 and l?
12
Let b = 58 - 59. Suppose 6 + 16 = 2*v. Let w = v + b. Calculate the greatest common divisor of 2 and w.
2
Let v(b) = 21*b - 7. Let x be v(6). Suppose 0 = -4*p - 28 + 92. Let f = 33 - p. Calculate the highest common divisor of f and x.
17
Let r(s) = s + 29. Let v be r(-26). Calculate the greatest common factor of v and 201.
3
Let u = 111 + -110. Let t = -6 + 10. Suppose 2 + 2 = t*j. What is the highest common factor of j and u?
1
Suppose 0 = -6*d + d + 10. Suppose -d*s = 2*s - 16. Calculate the highest common divisor of s and 20.
4
Let u(d) = d**2 - 5*d + 12. Let n be u(3). Calculate the greatest common divisor of n and 18.
6
Suppose -19*o + 843 = -2235. Calculate the highest common divisor of o and 27.
27
Suppose 2*n + 4*h - 106 = 0, 5*h + 237 = 5*n - 43. Let v = 31 - n. Let s be 0 + 2 + v/(-6). What is the greatest common factor of s and 6?
6
Suppose 0 = l + 263 - 286. Calculate the highest common divisor of 253 and l.
23
Let n(h) = 3*h + 39. Let a = 62 - 70. Let j be n(a). Calculate the greatest common divisor of 20 and j.
5
Let v be 3/1 - 600/15. Let g = -27 - v. Calculate the highest common factor of g and 40.
10
Let j(b) = 18 - b + 5 + 3*b - 3*b. Let r be j(-9). Suppose -3*o = -215 + 23. Calculate the greatest common divisor of r and o.
32
Let b be 4/24 - 29/(-6). Suppose 0 = 5*h + f - 330 - 438, 0 = 5*h + b*f - 760. What is the greatest common factor of h and 14?
14
Suppose -15 = -5*y, -k + 6 = y - 7. Let q(s) = -2 + 0 + 2*s + 0 + 0. Let x be q(k). What is the greatest common divisor of x and 126?
18
Suppose 9*t - 4*t = -30. Let n = t + 9. Suppose -126 = -5*x + n*y, 6*y - 2*y - 120 = -4*x. Calculate the